{"id":6830,"date":"2022-03-08T16:28:15","date_gmt":"2022-03-08T13:28:15","guid":{"rendered":"https:\/\/www.freyamelamin.com\/melamin-ev-ve-mutfak-gerecleri\/"},"modified":"2026-04-29T21:19:12","modified_gmt":"2026-04-29T18:19:12","slug":"acilis","status":"publish","type":"page","link":"https:\/\/www.freyamelamin.com\/tr\/","title":{"rendered":"Melamin Ev ve Mutfak Gere\u00e7leri"},"content":{"rendered":"<p>[et_pb_section fb_built=&#8221;1&#8243; theme_builder_area=&#8221;post_content&#8221; _builder_version=&#8221;4.14.8&#8243; _module_preset=&#8221;default&#8221;][\/et_pb_section]<\/p>\n","protected":false},"excerpt":{"rendered":"<p>Biz melamin ev e\u015fyalar\u0131 ve mutfak gere\u00e7leri \u00fcreticisiyiz. Showroomumuz \u0130STO\u00c7&#8217;ta olup, \u00fcr\u00fcnlerimizi \u0130stanbul\/T\u00fcrkiye&#8217;den t\u00fcm d\u00fcnyaya ihra\u00e7 etmekteyiz. <\/p>\n","protected":false},"author":1,"featured_media":10458,"parent":0,"menu_order":0,"comment_status":"closed","ping_status":"closed","template":"","meta":{"_acf_changed":false,"_et_pb_use_builder":"on","_et_pb_old_content":"","_et_gb_content_width":"","footnotes":""},"class_list":["post-6830","page","type-page","status-publish","has-post-thumbnail","hentry"],"acf":[],"_links":{"self":[{"href":"https:\/\/www.freyamelamin.com\/tr\/wp-json\/wp\/v2\/pages\/6830","targetHints":{"allow":["GET"]}}],"collection":[{"href":"https:\/\/www.freyamelamin.com\/tr\/wp-json\/wp\/v2\/pages"}],"about":[{"href":"https:\/\/www.freyamelamin.com\/tr\/wp-json\/wp\/v2\/types\/page"}],"author":[{"embeddable":true,"href":"https:\/\/www.freyamelamin.com\/tr\/wp-json\/wp\/v2\/users\/1"}],"replies":[{"embeddable":true,"href":"https:\/\/www.freyamelamin.com\/tr\/wp-json\/wp\/v2\/comments?post=6830"}],"version-history":[{"count":1,"href":"https:\/\/www.freyamelamin.com\/tr\/wp-json\/wp\/v2\/pages\/6830\/revisions"}],"predecessor-version":[{"id":11392,"href":"https:\/\/www.freyamelamin.com\/tr\/wp-json\/wp\/v2\/pages\/6830\/revisions\/11392"}],"wp:featuredmedia":[{"embeddable":true,"href":"https:\/\/www.freyamelamin.com\/tr\/wp-json\/wp\/v2\/media\/10458"}],"wp:attachment":[{"href":"https:\/\/www.freyamelamin.com\/tr\/wp-json\/wp\/v2\/media?parent=6830"}],"curies":[{"name":"wp","href":"https:\/\/api.w.org\/{rel}","templated":true}]}}

Melamin Ev ve Mutfak Gereçleri

<p>Biz melamin ev eşyaları ve mutfak gereçleri üreticisiyiz. Showroomumuz İSTOÇ&#8217;ta olup, ürünlerimizi İstanbul/Türkiye&#8217;den tüm dünyaya ihraç etmekteyiz. </p>
